ommon factor of z and 132.
12
Let q(k) be the second derivative of -k**5/20 + 2*k**4/3 - 7*k**3/6 + 3*k**2 - 2*k. Let z be q(7). Calculate the greatest common factor of 54 and z.
6
Suppose -45*j + 50*j - 30 = 0. Suppose -21 - 27 = -4*z. Calculate the highest common divisor of z and j.
6
Let z = -7 - -8. Let k(l) = -l**3 - 5*l**2 - 2*l - 1. Suppose 8 = 2*w, -2*m - 40 = 2*m - 5*w. Let r be k(m). Calculate the highest common factor of r and z.
1
Suppose 3*s + 15 = 4*j - 2*s, 2*s + 30 = 4*j. Suppose j + 9 = f. Let a = f - -6. Calculate the highest common factor of 10 and a.
5
Suppose -454 = -5*k - b, -4*k + 352 = -0*b - 2*b. What is the highest common divisor of 10 and k?
10
Suppose 56 = 2*w + 2. What is the greatest common divisor of w and 162?
27
Let u(d) = d + 1. Suppose 12 = -3*a + 5*g, -1 = 2*a - 2*g + 3. Let q be u(a). Suppose -2*k - q*k = -528. Calculate the greatest common factor of k and 12.
12
Let a(b) = -b**2 + 10*b - 12. Let o be a(10). Let f be (-1 + (-9)/2)*o. What is the highest common divisor of 22 and f?
22
Let j be (-266)/(-10) + (-21)/35. Calculate the highest common divisor of 78 and j.
26
Suppose 4*b = 33 + 23. Let g be (b/35)/((-2)/(-540)). Calculate the greatest common factor of g and 12.
12
Let n = 51 + -12. Calculate the highest common factor of 429 and n.
39
Let j be (3/2)/(12/(-16)). Let n = -1 - 3. Let m be j/(-2*(-2)/n). What is the highest common factor of m and 1?
1
Suppose -2*r = 2*r - 168. Suppose -f + 2*f = 63. What is the highest common factor of r and f?
21
Suppose -l + 3 = -2*l. Let a be (l/(-2) + -1)*18. What is the highest common divisor of 99 and a?
9
Suppose -a - 5*v = -7, v = -4*v - 25. Suppose 2*b = 2*k + 2*k + 20, 5*b - 77 = k. What is the highest common divisor of a and b?
16
Suppose 0 = -6*i + i + 90. Calculate the greatest common divisor of 6 and i.
6
Suppose -18 = -5*d - 4*j, 27 = -0*d + 3*d - 3*j. Calculate the highest common divisor of 24 and d.
6
Suppose 5 = z - 7*u + 2*u, -u + 10 = 2*z. Calculate the greatest common factor of 25 and z.
5
Suppose -n + 222 = m + 3*m, -4*n + 272 = 5*m. Let l = m - 40. What is the greatest common divisor of 24 and l?
8
Suppose 268 = -3*u + 730. Suppose -3*a + 37 = -5*p, 4*p = 5*a - 0*p - 40. Suppose 0*o = -a*o + 56. Calculate the highest common factor of u and o.
14
Let y = -19 + 9. Let p = -2 - y. Let v(x) = 2*x**2 + x + 3. Let o be v(3). What is the greatest common factor of p and o?
8
Suppose 5*g = -0*g - 25. Let f(h) = -5*h + 3. Let t be f(g). What is the greatest common factor of 70 and t?
14
Let t(s) = 21*s + 1. Let m be t(-1). Let q = m - -12. Let v = q + 14. What is the highest common factor of 18 and v?
6
Let i(w) = 23*w - 4. Let b be i(11). Suppose -b = -3*y + 2*t, 7*y + 3*t - 264 = 4*y. Calculate the highest common divisor of y and 34.
17
Let q = -5 + 7. Suppose q*j - j - 7 = 0. What is the greatest common factor of j and 35?
7
Let m be (120/6)/(2/5). Let r = 0 + 0. Let l = 20 - r. Calculate the greatest common factor of m and l.
10
Let b be -2 - (3 - 2)*-5. Suppose b*u - 3 = 12. Suppose u*o = -5*z - 14 + 94, 44 = 3*z + 2*o. What is the greatest common factor of 24 and z?
12
Suppose 2*j - 148 = j. Suppose 4*s - 20 = 0, j = 2*i + 2*s + 2*s. Calculate the highest common divisor of 8 and i.
8
Let v = 135 - 103. Calculate the highest common factor of v and 128.
32
Suppose 5*s - 12 + 2 = 0. Calculate the greatest common factor of 8 and s.
2
Let b = 2 + 0. Let k(y) = -y**2 + 2*y + 2. Let m be k(b). Suppose 4*l + m*h - 48 = 0, 5*l + 3*h + 11 - 72 = 0. Calculate the highest common factor of l and 22.
11
Suppose u - 9 = 24. Let w(h) = h**3 + 8*h**2 + 5*h + 5. Let k be w(-5). Let j = k + -33. Calculate the greatest common factor of u and j.
11
Let p(d) = -2*d**3 - 4*d**2 + d + 1. Let k be p(-3). Suppose -4*x + 9*x = 3*q + 9, 3*x = 2*q + 5. What is the greatest common factor of q and k?
2
Suppose q + 3*q = 68. Let w = q + -13. What is the highest common divisor of 6 and w?
2
Let c be 0/(-2*(-1)/(-2)). Suppose c*h = 2*h. Suppose 6 = -2*i + 4*v, h = 3*i - 8*i + v + 3. What is the highest common factor of i and 8?
1
Suppose -3*l + 2 + 7 = 0. Suppose -h = 1 - l. Suppose 5*p = -h*s + 74, 2*s + 2 = -p + 20. What is the greatest common factor of p and 154?
14
Suppose 0*u + 23 = b - u, -u + 52 = 2*b. What is the greatest common divisor of b and 100?
25
Let w be 1*(-2 + -1) + 9. Suppose -s + w = -1. Calculate the highest common factor of s and 14.
7
Suppose 4*a + 4*n = 8, 4 = 2*a - 0*n + 4*n. Calculate the highest common factor of a and 1.
1
Suppose -5*c = -2*c - 24. What is the greatest common divisor of 2 and c?
2
Let m = -36 - -81. Suppose -5*v + 5 = -4*v. Calculate the highest common factor of v and m.
5
Let s(f) = f**2 + 6*f + 1. Let i be s(-4). Let d be i/(63/12)*-9. Calculate the greatest common factor of d and 108.
12
Let x be 4/(-8) + -4 + (-1017)/(-6). Calculate the highest common divisor of 33 and x.
33
Let g(w) = -w**3 - 9*w**2 + w + 7. Let d be g(-9). Let l = 7 + d. What is the highest common factor of 45 and l?
5
Let c(q) = 4*q - 10. Let f be c(4). Suppose 10 = -0*y + 2*y + h, -5*y = 4*h - 31. Suppose 229 - 67 = y*s. Calculate the greatest common divisor of f and s.
6
Let v be 55/10 + 2/(-4). Calculate the greatest common factor of 10 and v.
5
Let t = 2 + 3. What is the highest common factor of t and 5?
5
Let j(x) = -x - 10. Let l be j(-12). Let c(u) = -1 + 3*u + 0 - 8*u - l. Let b be c(-7). Calculate the greatest common divisor of b and 4.
4
Suppose 65 = q - 228. Suppose 3*v - q = 91. Calculate the highest common factor of 16 and v.
16
Suppose -2*l - 2*l + 80 = 0. Suppose j + 9 = -w, -23 = 5*w + j + 2. Let b = w - -9. Calculate the greatest common divisor of b and l.
5
Suppose 2*x + 30 = 2*o + o, -x = 3. What is the greatest common factor of o and 16?
8
Suppose 46 = 11*a - 20. Calculate the highest common factor of 66 and a.
6
Let n = 175 - 174. Calculate the greatest common divisor of 8 and n.
1
Suppose -x + 64 + 8 = 0. Suppose -3*j + x = 5*q, 23 = 2*j + 2*q - 25. Calculate the greatest common factor of 4 and j.
4
Let b = -510 + 360. Let k = b + 227. Calculate the highest common divisor of k and 7.
7
Let a(j) = 5*j**3 + 2 - j**2 - 3*j - 2*j + 3*j - 2*j. Let m be a(3). Suppose -73 - m = -3*q. Calculate the greatest common factor of 9 and q.
9
Suppose 4*x - 8 = 40. Let v be (-6)/(-12) - 143/(-2). Calculate the greatest common factor of v and x.
12
Suppose 15 = -3*y - 3*k, k - 16 = 3*y + 11. Let r = y + 20. Let q be 238/5 + 4/10. Calculate the highest common divisor of r and q.
12
Let u(s) = s**2 + 6*s + 4. Let b = -8 + 0. Let i be u(b). Let q(r) = 3*r**2 - 1. Let g be q(-1). Calculate the greatest common divisor of i and g.
2
Let z = 90 - 54. Suppose 3*q + z = 7*q. What is the greatest common factor of 1 and q?
1
Suppose n - 80 = -n. Suppose -5*m - 4*a + 45 = 0, a + 20 = 3*m + 2*m. Let p(s) = -2*s + 15. Let g be p(m). What is the highest common divisor of n and g?
5
Suppose -a - 9 = 2*a. Let q = a + 0. Let f be 2/12*-10*q. What is the highest common divisor of f and 50?
5
Let n be 12/18*933/2 + -3. Let o be (-3 - -31) + 0 + 0. What is the greatest common divisor of n and o?
28
Let m = 13 - -82. What is the greatest common factor of m and 19?
19
Let o = 0 - 0. Suppose 2 = -2*l - 3*l + 3*b, o = -l + b. Let p be (-1 - (-1 - l)) + 17. What is the highest common factor of p and 48?
16
Suppose 2*m - 4 = -2. Let u be ((-1 - -4) + -3)/m. Suppose u*h - h = -20. What is the highest common divisor of h and 4?
4
Suppose 4*n + 3*a - 9 - 6 = 0, -4*n - 2*a = -14. Suppose 3*i + 0 = 4*v - 14, -n*v = 3*i - 21. What is the greatest common divisor of 5 and v?
5
Let x be (-1)/(2 + 2 + 435/(-108)). Suppose -3*r - 2*b = -r - 12, 4*r + 2*b = 20. What is the greatest common factor of r and x?
4
Let x be 2/8 - 24/(-32) - -36. What is the highest common divisor of x and 296?
37
Suppose 0*s + 25 = 5*s. Suppose -s*h + x - 31 + 118 = 0, h + 2*x = 13. Calculate the greatest common divisor of 34 and h.
17
Let a = -32 + 124. What is the highest common factor of a and 69?
23
Let h = 17 + -2. Let g be 29/(-3) - (-8)/12. Let m = h + g. Calculate the highest common factor of m and 18.
6
Suppose 4*b = p - 121, -5*b + 582 = 5*p - 2*b. Suppose -4*k = 3*v - 23, 3*v - 5*k - 23 - 36 = 0. What is the